7 + 1 + (31 - 18)
-3
6 - 21 - (-25 + 5)
5
What is 25 + (0 + 4 + -9 - -4) + -8?
16
What is the value of -19 + 3 + -1 + -8 + 12 - 1?
-14
What is the value of 22 - 3 - (36 + -41 + -1 + 15)?
10
Calculate (-4 + 2 - -9) + (-11 - -17) + -9.
4
Evaluate (6 - 7) + -6 - (-3 - 19 - -6).
9
Evaluate -19 + 1 - (-403 + 377) - 4.
4
Evaluate (1 - (8 + 5)) + 6 + -10.
-16
-23 + (-21 - -6) + 28
-10
What is the value of 5 - (-4 - (7 - 35 - -8)) - -9?
-2
Calculate -1 + (8 - -1) - (54 - (16 - -11)).
-19
What is -6 + (-5 - 4) + 13 - -7?
5
Calculate 8 + -5 + (-13 - -12) - 5.
-3
What is 13 - (-11 + (-13 - -23))?
14
Evaluate (16 - 50 - -49) + (-17 - -2).
0
Evaluate (4 + -1 + 1 - 3) + 10.
11
Evaluate -3 + -1 + (3 - 5) - -14.
8
What is (10 - (-1 + 17 - -3)) + (-6 - -19)?
4
Evaluate 0 - (-9 + -18 + 23).
4
-10 - (-4 + -25 + 11)
8
What is the value of -7 - (-4 + -3 + -9 + 17)?
-8
-10 - (-9 + 13) - -1
-13
9 + -1 - ((0 - -25) + 43 + -57)
-3
What is the value of 24 + (-2 - (2 - -10))?
10
-6 + 0 + (-56 - -61)
-1
What is the value of -19 + 1 + (-13 - -30)?
-1
What is the value of 0 + 2 - (24 - 35 - (2 + -11))?
4
What is the value of -17 - (2 - -8) - (-4 - -3)?
-26
What is the value of 12 - (11 + -11 + 24)?
-12
-12 + 2 + -3 + -5 + 10 - 0
-8
What is the value of -6 - (-19 + 6 - -5) - (-4 - -7)?
-1
26 - 30 - (5 - (-1 - -6 - 13))
-17
What is the value of 3 + (-1 - 1) + -3 - (187 - 167)?
-22
Calculate -1 - -22 - (-26 + (-5 - (6 - 28))).
30
Evaluate 0 + 10 + (-58 - 7 - -61).
6
What is the value of (-7 - (3 + -2)) + -14 + 6?
-16
What is 16 + (3 - 1) + (-53 - -13) + 36?
14
Calculate (-3 - -2 - 4 - (-5 - -2)) + 4.
2
What is (8 + -7 - 4 - -3) + (1 - 12)?
-11
Evaluate -11 - (-27 - (0 + 10 + -8)).
18
Evaluate -1 + 19 + -14 + 3.
7
What is the value of (-20 + 25 - (18 - 2)) + 17?
6
3 + 3 + 6 - 11
1
Calculate (0 - -13) + (-157 - -120) - -18.
-6
What is the value of 9 + -6 + (-6 - (0 + -10)) - 18?
-11
(-70 + 59 - (-1 - -1)) + -8
-19
What is the value of 5 + 0 + (-1 + (4 - 0) - -8)?
16
(207 - 207) + (-1 - -3)
2
Calculate -8 - 6 - (-21 + 11).
-4
-12 + (16 - 13 - (-1 + 11) - -12)
-7
What is 2 + -1 - -2 - (-22 + (0 - -29))?
-4
-3 + 4 - 8 - (-14 + 8)
-1
Calculate 2 + -3 - -10 - (0 - (-14 + 10)).
5
What is the value of 10 - 1 - ((24 - 21) + (-3 - -6))?
3
Evaluate 8 + -6 + 19 - 21.
0
What is the value of 24 + (6 + 2 - 10) + (2 - 0)?
24
What is 16 - (-219 + 203 + 13 + -1)?
20
Calculate 165 + -182 + (0 - (-2 + 0)) + 1.
-14
What is 33 + 9 - 58 - -23?
7
Calculate -2 + 8 + (-15 + 27 - 2).
16
What is 8 + -12 + -7 + (-7 - 0)?
-18
Evaluate -1 - (12 + -10 - -4) - (1 + 17).
-25
Calculate (-1 - 4) + (4 - (12 - 7)).
-6
What is the value of 0 + -8 + 4 + (-3 - -15)?
8
What is the value of -10 + (-2 - (-21 + 23))?
-14
7 + (10 - 29) + 11
-1
What is the value of -6 + (17 - 24 - (-27 + 2)) + 6?
18
Calculate -3 + 1 - -8 - (-198 - -195).
9
Calculate -28 + 23 - (-1 + 6).
-10
Evaluate 22 - 12 - 17 - 2.
-9
Evaluate -7 + 16 - (-19 + 19).
9
What is the value of -22 - -24 - (-10 + (10 - (4 + 1)))?
7
Calculate (8 - -1) + (1 - (10 - -2 - 10)).
8
What is the value of (11 - (9 + -8) - 16) + -5?
-11
Evaluate (-5 - 2 - (-1 - (5 - 1))) + 5.
3
What is the value of -14 + 73 + -34 + (-2 - -9 - 3)?
29
Calculate 11 + -13 + (27 - 26).
-1
What is the value of 49 + -80 + (24 - 1)?
-8
Evaluate -14 - (-25 + 12 + -2).
1
Calculate 339 + -340 - (1 + 0 + 13).
-15
What is the value of (16 - -13) + -6 + -7?
16
Evaluate (-35 - -31) + -3 + 0 - -25.
18
What is 2 + -1 + 1 + (47 - 58)?
-9
What is (-3 - (2 - (0 + 2))) + -1 + 7?
3
What is the value of -68 - -31 - -8 - -6?
-23
What is (-15 + 18 - (-15 + 5)) + -3?
10
Calculate -1 + (0 - 2) + (9 - 9) + 8.
5
What is the value of 12 - 0 - (-1 + 19)?
-6
What is the value of (-1 - (2 - (24 - 11))) + (-1 - 0)?
9
24 + -13 + -3 - (-1 + -2 + -1)
12
What is 563 + -564 + (21 - 0)?
20
What is the value of (0 - 0) + (-385 - -373)?
-12
What is -10 - (87 - 97 - ((-1 - 1) + 2))?
0
What is the value of 584 - 567 - (3 - -22)?
-8
Calculate (5 - 42) + (43 - 40) + 17.
-17
What is -21 - ((13 - 45) + 17)?
-6
17 + 0 + (2 - 8) + 4
15
What is -43 + (39 - 36 - (4 + -10)) - -12?
-22
What is (-7 - 2 - -5) + 8 - (-1 - 9)?
14
Calculate 14 + (66 - 28) - 24.
28
What is the value of -23 + 13 + (2 - 3) + 7 - -22?
18
What is the value of -2 - (-13 - (20 + -26) - 16)?
21
What is the value of -3 - (0 - -3 - (-16 - (-15 - 11)))?
4
What is the value of -57 - (-38 - -32) - -38?
-13
Calculate (-2 - 0) + (-19 - (-10 + (-15 - -23))).
-19
Calculate (7 - (-7 - (-1 + -2))) + -1 + -4.
6
Evaluate -15 - (-12 + 5 + 3 + 2 - 1).
-12
20 - (9 + -6 + 5 + -8)
20
Calculate 2 - (7 + -13) - 5 - (1 + 0).
2
What is 11 + (-17 - -3) - 3 - -13?
7
What is 7 + -4 + (7 - (-8 - -15))?
3
-23 + 15 - (-4 + 6 + 2 + 3)
-15
What is -7 - -5 - (5 + 9)?
-16
4 + 4 + (2 - 15) + 15
10
What is the value of -8 - (-6 + (0 - -3 - -7))?
-12
What is 23 - (1 - (17 + (2 - 37)))?
4
Calculate (-6 - (6 + -4)) + 4 + 1.
-3
What is 9 - ((66 - 58) + (1 - 11))?
11
What is 0 + (-20 + 38 - 10)?
8
What is the value of (1 + 6 - (6 - -1)) + (-6 - 2)?
-8
Calculate 3 - 9 - (214 + -188).
-32
What is the value of 0 + -12 - (-94 - -66)?
16
Evaluate (-12 - (-17 + 1) - (0 - -23)) + 1.
-18
Evaluate 0 + 15 - (-17 - (18 + -44)).
6
Evaluate 6 + (4 - (-7 - -4 - -2)) + -12.
-1
What is (7 + -12 - 2 - (2 - -1)) + -2?
-12
Calculate 3 - (-5 + (11 - 4) - (1 - 2)).
0
Evaluate 4 + -3 + (-2 - 3).
-4
Evaluate (34 - (34 + -18)) + -38.
-20
-3 + (0 - 9) + -9 - (-2 - 3)
-16
What is the value of 9 - 13 - 0 - (-38 - -7)?
27
What is ((3 - -4) + 2 - -11) + -4?
16
What is -22 - -1 - (15 + -22)?
-14
Evaluate -14 + -13 + 24 - (-1 + 4).
-6
What is -1 - 3 - -7 - 4?
-1
What is 3 + -1 - (5 + 25 + -27)?
-1
Evaluate -6 + (40 - 74) + (2 - (3 - 0)).
-41
What is 13 - 1 - (-5 - (-5 - (-3 - -7)))?
8
Evaluate 18 + -20 + (-5 + (7 - 5) - 7).
-12
Calculate 12 - (-7 + 33 + -36).
22
-12 + (12 - 2) - 8
-10
What is 3 + -20 + -7 + (-8 - (6 + -29))?
-9
(-25 - -1) + (49 - -1)
26
What is the value of 2 - (12 - (1 + 2 + (11 - 7)))?
-3
8 + (74 - 80 - (-11 - 0))
13
What is the value of 47 + -73 + 26 + 24?
24
-20 + 10 + (18 - 22)
-14
Calculate -8 + -1 + 99 + -94.
-4
What is (-15 - (18 - 54)) + -10?
11
What is the value of -20 - -6 - -7 - -15 - -6?
14
What is -18 - (44 + -44 + 10)?
-28
1 + 1 - (-12 + -14)
28
-10 + 0 + -2 + (-6 - -7)
-11
3 + -1 + 2 + 36 + -47
-7
What is 4 + 7 + -11 + 5 + -8?
-3
-1 - ((-3 - 14) + 6) - 25
-15
Calculate 563 + -546 - (22 + -1).
-4
Calculate 10 + 3 - ((-3 - 7) + (-14 - -28)).
9
What is -5 - ((22 - -1) + 14 + -35 + 23)?
-30
What is -1 - (-12 + (0 - -9) - -4)?
-2
Calculate -3 + 6 + -8 + 7.
2
Calculate -8 + (-83 + 85 - (-1 + -4) - 3).
-4
What is the value of 3 + 2 - (-5 - (6 + 2 + -7))?
11
Calculate -13 + -8 + 4 - -1.
-16
Evaluate 17 + -27 + (6 - 0) + (4 - 6).
-6
Evaluate 7 - (8 + 6 + -27 + 13).
7
(0 - (-2 + -1 + 0)) + (-54347 - -54349)
5
(-10 - -5) + 15 + -4
6
What is (-69 - -75 - (17 - -2)) + 33?
20
Calculate -43 - (-73 - -22) - (0 - -8).
0
What is -16 + 12 + (12 - (0 - -25))?
-17
What is the value of -7 + 6 + (9 - 10) - 1?
-3
-3 + (-27 + 37 - 30)
-23
Calculate 2 - (-8 + (12 - (-11 - -9)) + -9).
5
-6 - (-15 + (-3 - 0 - (-33 - -24)))
3
Calculate -1 - (2 - 10) - (-36 + (45 - -5)).
-7
Evaluate -12 + 7 + (-8 - -15).
2
What is -24 + 47 - -6 - 16?
13
What is the value of 8 - (-1 - (9 + -11))?
7
15 + 18 + (2 - 17)
18
What is ((0 - 2) + 9 - 4) + -2?
1
What is the value of (6 - 2 - 11 - -7) + 13?
13
What is the value of -3 + 9 + -20 + 8 + 29?
23
-30 + -2 + -22 + (46 - 10)
-18
2 + -22 + 8 - (0 - 6)
-6
Calculate -16 - (29 + -20 - 8).
-17
Evaluate (-29 - 3) + 60 + -31.
-3
Calculate -9 + 0 + (61 - 50) - 8.
-6
What is the value of ((4 - 2) + 4 - 2) + 1 - 20?
-15
What is (0 - (-2 + -12)) + (24 - (-2 - -22))?
18
What is -13 - (-2 - -10 - 29)?
8
Evaluate -5 + 11 + 2 - (5 - -5).
-2
What is the value of (-10 - 0) + 91 + -77?
4
Calculate (-22 + 5 - -17) + (5 - -1).
6
What is the value of (5 - 5) + 6 - (11 + -5)?
0
What is the value of (9 - -2) + -4 + -1?
6
19 + (9 - (-8 + -1 + 24) - -1)
14
Calculate -30 - (-15 - 30) - 27.
-12
What is the value of 5 - (-6 + (2 - -2 - (-12 - -5)))?
0
What is 1 - (5 + 11) - -9?
-6
What is the value of (-22 - (-18 + 27)) + 13?
-18
What is the value of 23 + 0 - (147 - 134)?
10
9 + (10 - (4 - 0 - -8))
7
Evaluate -1 + (-20 - 11 - -